{"id":1230,"date":"2023-07-12T22:58:02","date_gmt":"2023-07-13T03:58:02","guid":{"rendered":"https:\/\/freundlatam.com\/?post_type=product&#038;p=1230"},"modified":"2023-08-24T12:47:20","modified_gmt":"2023-08-24T17:47:20","slug":"vss","status":"publish","type":"product","link":"https:\/\/freundlatam.com\/index.php\/producto\/vss\/","title":{"rendered":"Sistema de aspiraci\u00f3n por vac\u00edo VSS"},"content":{"rendered":"<p>Sistema de aspiraci\u00f3n por vac\u00edo para espirar con vac\u00edo la m\u00e9dula espinal, el enc\u00e9falo, la grasa de los ri\u00f1ones, los restos de grasa, etc.<\/p>\n<p>-Sistema individual combinable con:<\/p>\n<p>-Dep\u00f3sito de vac\u00edo (inoxidable, en distintos tama\u00f1os)<\/p>\n<p>-Varias mangueras.<\/p>\n<p>-Piezas de manos para distintas aplicaciones.<\/p>\n<p>-Bomba de vac\u00edo con opci\u00f3n de 100, 160 o 240 m\u00b3\/h.<\/p>\n<p>Tambi\u00e9n se puede adquirir de forma opcional como versi\u00f3n:<\/p>\n<p>-VSS-EDF, especial para el uso con el cortador de recto EDF64 o EDF 76.<\/p>\n<p>-VSS-SCR, especial para el uso con el cuchillo circular \/Trimmer para retirar la m\u00e9dula espinal SCR.<\/p>\n<p>-La bomba de vac\u00edo VP100-300 se puede adquirir de forma opcional.<\/p>\n","protected":false},"excerpt":{"rendered":"<p>Sistema de aspiraci\u00f3n por vac\u00edo.<\/p>\n","protected":false},"featured_media":1235,"comment_status":"open","ping_status":"closed","template":"","meta":[],"product_cat":[53],"product_tag":[],"class_list":{"0":"post-1230","1":"product","2":"type-product","3":"status-publish","4":"has-post-thumbnail","6":"product_cat-matanza-c2","8":"first","9":"instock","10":"shipping-taxable","11":"product-type-simple"},"_links":{"self":[{"href":"https:\/\/freundlatam.com\/index.php\/wp-json\/wp\/v2\/product\/1230","targetHints":{"allow":["GET"]}}],"collection":[{"href":"https:\/\/freundlatam.com\/index.php\/wp-json\/wp\/v2\/product"}],"about":[{"href":"https:\/\/freundlatam.com\/index.php\/wp-json\/wp\/v2\/types\/product"}],"replies":[{"embeddable":true,"href":"https:\/\/freundlatam.com\/index.php\/wp-json\/wp\/v2\/comments?post=1230"}],"version-history":[{"count":2,"href":"https:\/\/freundlatam.com\/index.php\/wp-json\/wp\/v2\/product\/1230\/revisions"}],"predecessor-version":[{"id":1348,"href":"https:\/\/freundlatam.com\/index.php\/wp-json\/wp\/v2\/product\/1230\/revisions\/1348"}],"wp:featuredmedia":[{"embeddable":true,"href":"https:\/\/freundlatam.com\/index.php\/wp-json\/wp\/v2\/media\/1235"}],"wp:attachment":[{"href":"https:\/\/freundlatam.com\/index.php\/wp-json\/wp\/v2\/media?parent=1230"}],"wp:term":[{"taxonomy":"product_cat","embeddable":true,"href":"https:\/\/freundlatam.com\/index.php\/wp-json\/wp\/v2\/product_cat?post=1230"},{"taxonomy":"product_tag","embeddable":true,"href":"https:\/\/freundlatam.com\/index.php\/wp-json\/wp\/v2\/product_tag?post=1230"}],"curies":[{"name":"wp","href":"https:\/\/api.w.org\/{rel}","templated":true}]}}